{"id":10320,"date":"2026-06-04T21:51:43","date_gmt":"2026-06-04T19:51:43","guid":{"rendered":"https:\/\/www.erdvital.ch\/produkt\/fiche-de-mise-a-la-terre-suisse\/"},"modified":"2026-08-30T19:49:56","modified_gmt":"2026-08-30T17:49:56","slug":"fiche-de-mise-a-la-terre-suisse","status":"publish","type":"product","link":"https:\/\/www.erdvital.ch\/fr\/produkt\/fiche-de-mise-a-la-terre-suisse\/","title":{"rendered":"Fiche de mise \u00e0 la terre suisse"},"content":{"rendered":"\t\t<div data-elementor-type=\"product-post\" data-elementor-id=\"10320\" class=\"elementor elementor-10320 elementor-8179\" data-elementor-post-type=\"product\">\n\t\t\t\t<div class=\"elementor-element elementor-element-80680b6 e-flex e-con-boxed e-con e-parent\" data-id=\"80680b6\" data-element_type=\"container\" data-e-type=\"container\">\n\t\t\t\t\t<div class=\"e-con-inner\">\n\t\t\t\t<div class=\"elementor-element elementor-element-74235bc elementor-widget elementor-widget-heading\" data-id=\"74235bc\" data-element_type=\"widget\" data-e-type=\"widget\" data-widget_type=\"heading.default\">\n\t\t\t\t\t<h2 class=\"elementor-heading-title elementor-size-default\">Description<\/h2>\t\t\t\t<\/div>\n\t\t\t\t<div class=\"elementor-element elementor-element-a4f48a9 elementor-widget elementor-widget-text-editor\" data-id=\"a4f48a9\" data-element_type=\"widget\" data-e-type=\"widget\" data-widget_type=\"text-editor.default\">\n\t\t\t\t\t\t\t\t\t<p data-start=\"181\" data-end=\"406\">La fiche de mise \u00e0 la terre suisse permet de brancher directement des produits de mise \u00e0 la terre sur des prises suisses, sans aucun adaptateur suppl\u00e9mentaire. Gr\u00e2ce \u00e0 sa double prise, deux produits de mise \u00e0 la terre peuvent \u00eatre branch\u00e9s simultan\u00e9ment. <\/p><p data-start=\"408\" data-end=\"518\">Convient aux draps de mise \u00e0 la terre, aux tapis de mise \u00e0 la terre, aux surmatelas, aux coussins d&rsquo;assise et \u00e0 d&rsquo;autres accessoires de mise \u00e0 la terre.<\/p>\t\t\t\t\t\t\t\t<\/div>\n\t\t\t\t<div class=\"elementor-element elementor-element-8f43120 elementor-widget-divider--view-line elementor-widget elementor-widget-divider\" data-id=\"8f43120\" data-element_type=\"widget\" data-e-type=\"widget\" data-widget_type=\"divider.default\">\n\t\t\t\t\t\t\t<div class=\"elementor-divider\">\n\t\t\t<span class=\"elementor-divider-separator\">\n\t\t\t\t\t\t<\/span>\n\t\t<\/div>\n\t\t\t\t\t\t<\/div>\n\t\t\t\t\t<\/div>\n\t\t\t\t<\/div>\n\t\t\t\t<\/div>\n\t\t","protected":false},"excerpt":{"rendered":"<p>Fiche de mise \u00e0 la terre suisse \u00e0 double connexion, permettant de brancher en toute s\u00e9curit\u00e9 des produits de mise \u00e0 la terre sur des prises \u00e9lectriques suisses. Compatible avec les tapis de mise \u00e0 la terre, les draps de mise \u00e0 la terre et les surmatelas. <\/p>\n","protected":false},"featured_media":10253,"comment_status":"closed","ping_status":"closed","template":"","meta":{"_seopress_titles_title":"Schweizer Erdungsstecker mit Doppelanschluss","_seopress_titles_desc":"Schweizer Erdungsstecker mit Doppelanschluss f\u00fcr Erdungsmatten, Erdungsfixleint\u00fccher und Matratzenauflagen.","_seopress_robots_index":"","_seopress_robots_follow":"","_seopress_robots_imageindex":"","_seopress_robots_snippet":"","_seopress_robots_primary_cat":"","_seopress_robots_breadcrumbs":"","_seopress_robots_freeze_modified_date":"","_seopress_robots_custom_modified_date":"","_seopress_robots_canonical":"","_seopress_social_fb_title":"","_seopress_social_fb_desc":"","_seopress_social_fb_img":"","_seopress_social_fb_img_attachment_id":0,"_seopress_social_fb_img_width":0,"_seopress_social_fb_img_height":0,"_seopress_social_twitter_title":"","_seopress_social_twitter_desc":"","_seopress_social_twitter_img":"","_seopress_social_twitter_img_attachment_id":0,"_seopress_social_twitter_img_width":0,"_seopress_social_twitter_img_height":0,"_seopress_redirections_value":"","_seopress_redirections_enabled":"","_seopress_redirections_enabled_regex":"","_seopress_redirections_logged_status":"les deux","_seopress_redirections_param":"","_seopress_redirections_type":301,"_seopress_analysis_target_kw":"","_seopress_news_disabled":"","_seopress_video_disabled":"","_seopress_video":[],"_seopress_pro_schemas_manual":[],"_seopress_pro_rich_snippets_disable_all":"","_seopress_pro_rich_snippets_disable":[],"_seopress_pro_schemas":[],"_members_access_role":[],"_members_access_error":""},"product_brand":[],"product_cat":[109],"product_tag":[],"class_list":["post-10320","product","type-product","status-publish","has-post-thumbnail","product_cat-produits-de-mise-a-la-terre-en-suisse","first","instock","taxable","shipping-taxable","purchasable","product-type-simple"],"_links":{"self":[{"href":"https:\/\/www.erdvital.ch\/fr\/wp-json\/wp\/v2\/product\/10320","targetHints":{"allow":["GET"]}}],"collection":[{"href":"https:\/\/www.erdvital.ch\/fr\/wp-json\/wp\/v2\/product"}],"about":[{"href":"https:\/\/www.erdvital.ch\/fr\/wp-json\/wp\/v2\/types\/product"}],"replies":[{"embeddable":true,"href":"https:\/\/www.erdvital.ch\/fr\/wp-json\/wp\/v2\/comments?post=10320"}],"version-history":[{"count":1,"href":"https:\/\/www.erdvital.ch\/fr\/wp-json\/wp\/v2\/product\/10320\/revisions"}],"predecessor-version":[{"id":10321,"href":"https:\/\/www.erdvital.ch\/fr\/wp-json\/wp\/v2\/product\/10320\/revisions\/10321"}],"wp:featuredmedia":[{"embeddable":true,"href":"https:\/\/www.erdvital.ch\/fr\/wp-json\/wp\/v2\/media\/10253"}],"wp:attachment":[{"href":"https:\/\/www.erdvital.ch\/fr\/wp-json\/wp\/v2\/media?parent=10320"}],"wp:term":[{"taxonomy":"product_brand","embeddable":true,"href":"https:\/\/www.erdvital.ch\/fr\/wp-json\/wp\/v2\/product_brand?post=10320"},{"taxonomy":"product_cat","embeddable":true,"href":"https:\/\/www.erdvital.ch\/fr\/wp-json\/wp\/v2\/product_cat?post=10320"},{"taxonomy":"product_tag","embeddable":true,"href":"https:\/\/www.erdvital.ch\/fr\/wp-json\/wp\/v2\/product_tag?post=10320"}],"curies":[{"name":"wp","href":"https:\/\/api.w.org\/{rel}","templated":true}]}}

Fiche de mise à la terre suisse

<div data-elementor-type="product-post" data-elementor-id="10320" class="elementor elementor-10320 elementor-8179" data-elementor-post-type="product">
				<div class="elementor-element elementor-element-80680b6 e-flex e-con-boxed e-con e-parent" data-id="80680b6" data-element_type="container" data-e-type="container">
					<div class="e-con-inner">
				<div class="elementor-element elementor-element-74235bc elementor-widget elementor-widget-heading" data-id="74235bc" data-element_type="widget" data-e-type="widget" data-widget_type="heading.default">
					<h2 class="elementor-heading-title elementor-size-default">Description</h2>				</div>
				<div class="elementor-element elementor-element-a4f48a9 elementor-widget elementor-widget-text-editor" data-id="a4f48a9" data-element_type="widget" data-e-type="widget" data-widget_type="text-editor.default">
									<p data-start="181" data-end="406">La fiche de mise à la terre suisse permet de brancher directement des produits de mise à la terre sur des prises suisses, sans aucun adaptateur supplémentaire. Grâce à sa double prise, deux produits de mise à la terre peuvent être branchés simultanément. </p><p data-start="408" data-end="518">Convient aux draps de mise à la terre, aux tapis de mise à la terre, aux surmatelas, aux coussins d&rsquo;assise et à d&rsquo;autres accessoires de mise à la terre.</p>								</div>
				<div class="elementor-element elementor-element-8f43120 elementor-widget-divider--view-line elementor-widget elementor-widget-divider" data-id="8f43120" data-element_type="widget" data-e-type="widget" data-widget_type="divider.default">
							<div class="elementor-divider">
			<span class="elementor-divider-separator">
						</span>
		</div>
						</div>
					</div>
				</div>
				</div>

<p>Fiche de mise à la terre suisse à double connexion, permettant de brancher en toute sécurité des produits de mise à la terre sur des prises électriques suisses. Compatible avec les tapis de mise à la terre, les draps de mise à la terre et les surmatelas. </p>

Schweizer Erdungsstecker mit Doppelanschluss für Erdungsmatten, Erdungsfixleintücher und Matratzenauflagen.
