{"id":9858,"date":"2026-06-04T22:16:14","date_gmt":"2026-06-04T20:16:14","guid":{"rendered":"https:\/\/www.erdvital.ch\/produkt\/fiche-de-mise-a-la-terre-europeenne\/"},"modified":"2026-08-30T19:47:35","modified_gmt":"2026-08-30T17:47:35","slug":"fiche-de-mise-a-la-terre-europeenne","status":"publish","type":"product","link":"https:\/\/www.erdvital.ch\/fr\/produkt\/fiche-de-mise-a-la-terre-europeenne\/","title":{"rendered":"Fiche de mise \u00e0 la terre europ\u00e9enne"},"content":{"rendered":"\t\t<div data-elementor-type=\"product-post\" data-elementor-id=\"9858\" class=\"elementor elementor-9858 elementor-8186\" data-elementor-post-type=\"product\">\n\t\t\t\t<div class=\"elementor-element elementor-element-80680b6 e-flex e-con-boxed e-con e-parent\" data-id=\"80680b6\" data-element_type=\"container\" data-e-type=\"container\">\n\t\t\t\t\t<div class=\"e-con-inner\">\n\t\t\t\t<div class=\"elementor-element elementor-element-74235bc elementor-widget elementor-widget-heading\" data-id=\"74235bc\" data-element_type=\"widget\" data-e-type=\"widget\" data-widget_type=\"heading.default\">\n\t\t\t\t\t<h2 class=\"elementor-heading-title elementor-size-default\">Description<\/h2>\t\t\t\t<\/div>\n\t\t\t\t<div class=\"elementor-element elementor-element-a4f48a9 elementor-widget elementor-widget-text-editor\" data-id=\"a4f48a9\" data-element_type=\"widget\" data-e-type=\"widget\" data-widget_type=\"text-editor.default\">\n\t\t\t\t\t\t\t\t\t<p data-start=\"54\" data-end=\"242\">Prise Euro \u00e0 double connexion pour une utilisation \u00e0 l&rsquo;\u00e9tranger. Id\u00e9ale pour les vacances et les voyages. Convient aux draps de lit de mise \u00e0 la terre, aux tapis de mise \u00e0 la terre, aux surmatelas et \u00e0 d&rsquo;autres accessoires de mise \u00e0 la terre.  <\/p><p data-start=\"244\" data-end=\"323\">Selon la destination, un adaptateur de prise adapt\u00e9 peut \u00e9galement \u00eatre n\u00e9cessaire.<\/p><p data-start=\"408\" data-end=\"518\"> <\/p>\t\t\t\t\t\t\t\t<\/div>\n\t\t\t\t<div class=\"elementor-element elementor-element-8f43120 elementor-widget-divider--view-line elementor-widget elementor-widget-divider\" data-id=\"8f43120\" data-element_type=\"widget\" data-e-type=\"widget\" data-widget_type=\"divider.default\">\n\t\t\t\t\t\t\t<div class=\"elementor-divider\">\n\t\t\t<span class=\"elementor-divider-separator\">\n\t\t\t\t\t\t<\/span>\n\t\t<\/div>\n\t\t\t\t\t\t<\/div>\n\t\t\t\t\t<\/div>\n\t\t\t\t<\/div>\n\t\t\t\t<\/div>\n\t\t","protected":false},"excerpt":{"rendered":"<p>Prise europ\u00e9enne \u00e0 double connexion pour les produits avec mise \u00e0 la terre. Id\u00e9ale pour les vacances et une utilisation \u00e0 l&rsquo;\u00e9tranger. Selon les pays, un adaptateur de voyage suppl\u00e9mentaire peut \u00eatre n\u00e9cessaire.  <\/p>\n","protected":false},"featured_media":9800,"comment_status":"closed","ping_status":"closed","template":"","meta":{"_seopress_titles_title":"Fiche de mise \u00e0 la terre europ\u00e9enne \u00e0 double connexion","_seopress_titles_desc":"Prise Euro \u00e0 double connexion pour les appareils avec mise \u00e0 la terre. Id\u00e9ale pour les voyages et l'utilisation \u00e0 l'\u00e9tranger.","_seopress_robots_index":"","_seopress_robots_follow":"","_seopress_robots_imageindex":"","_seopress_robots_snippet":"","_seopress_robots_primary_cat":"","_seopress_robots_breadcrumbs":"","_seopress_robots_freeze_modified_date":"","_seopress_robots_custom_modified_date":"","_seopress_robots_canonical":"","_seopress_social_fb_title":"","_seopress_social_fb_desc":"","_seopress_social_fb_img":"","_seopress_social_fb_img_attachment_id":0,"_seopress_social_fb_img_width":0,"_seopress_social_fb_img_height":0,"_seopress_social_twitter_title":"","_seopress_social_twitter_desc":"","_seopress_social_twitter_img":"","_seopress_social_twitter_img_attachment_id":0,"_seopress_social_twitter_img_width":0,"_seopress_social_twitter_img_height":0,"_seopress_redirections_value":"","_seopress_redirections_enabled":"","_seopress_redirections_enabled_regex":"","_seopress_redirections_logged_status":"les deux","_seopress_redirections_param":"","_seopress_redirections_type":301,"_seopress_analysis_target_kw":"","_seopress_news_disabled":"","_seopress_video_disabled":"","_seopress_video":[],"_seopress_pro_schemas_manual":[],"_seopress_pro_rich_snippets_disable_all":"","_seopress_pro_rich_snippets_disable":[],"_seopress_pro_schemas":[],"_members_access_role":[],"_members_access_error":""},"product_brand":[],"product_cat":[109],"product_tag":[],"class_list":["post-9858","product","type-product","status-publish","has-post-thumbnail","product_cat-produits-de-mise-a-la-terre-en-suisse","first","instock","taxable","shipping-taxable","purchasable","product-type-simple"],"_links":{"self":[{"href":"https:\/\/www.erdvital.ch\/fr\/wp-json\/wp\/v2\/product\/9858","targetHints":{"allow":["GET"]}}],"collection":[{"href":"https:\/\/www.erdvital.ch\/fr\/wp-json\/wp\/v2\/product"}],"about":[{"href":"https:\/\/www.erdvital.ch\/fr\/wp-json\/wp\/v2\/types\/product"}],"replies":[{"embeddable":true,"href":"https:\/\/www.erdvital.ch\/fr\/wp-json\/wp\/v2\/comments?post=9858"}],"version-history":[{"count":1,"href":"https:\/\/www.erdvital.ch\/fr\/wp-json\/wp\/v2\/product\/9858\/revisions"}],"predecessor-version":[{"id":9862,"href":"https:\/\/www.erdvital.ch\/fr\/wp-json\/wp\/v2\/product\/9858\/revisions\/9862"}],"wp:featuredmedia":[{"embeddable":true,"href":"https:\/\/www.erdvital.ch\/fr\/wp-json\/wp\/v2\/media\/9800"}],"wp:attachment":[{"href":"https:\/\/www.erdvital.ch\/fr\/wp-json\/wp\/v2\/media?parent=9858"}],"wp:term":[{"taxonomy":"product_brand","embeddable":true,"href":"https:\/\/www.erdvital.ch\/fr\/wp-json\/wp\/v2\/product_brand?post=9858"},{"taxonomy":"product_cat","embeddable":true,"href":"https:\/\/www.erdvital.ch\/fr\/wp-json\/wp\/v2\/product_cat?post=9858"},{"taxonomy":"product_tag","embeddable":true,"href":"https:\/\/www.erdvital.ch\/fr\/wp-json\/wp\/v2\/product_tag?post=9858"}],"curies":[{"name":"wp","href":"https:\/\/api.w.org\/{rel}","templated":true}]}}

Fiche de mise à la terre européenne

<div data-elementor-type="product-post" data-elementor-id="9858" class="elementor elementor-9858 elementor-8186" data-elementor-post-type="product">
				<div class="elementor-element elementor-element-80680b6 e-flex e-con-boxed e-con e-parent" data-id="80680b6" data-element_type="container" data-e-type="container">
					<div class="e-con-inner">
				<div class="elementor-element elementor-element-74235bc elementor-widget elementor-widget-heading" data-id="74235bc" data-element_type="widget" data-e-type="widget" data-widget_type="heading.default">
					<h2 class="elementor-heading-title elementor-size-default">Description</h2>				</div>
				<div class="elementor-element elementor-element-a4f48a9 elementor-widget elementor-widget-text-editor" data-id="a4f48a9" data-element_type="widget" data-e-type="widget" data-widget_type="text-editor.default">
									<p data-start="54" data-end="242">Prise Euro à double connexion pour une utilisation à l&rsquo;étranger. Idéale pour les vacances et les voyages. Convient aux draps de lit de mise à la terre, aux tapis de mise à la terre, aux surmatelas et à d&rsquo;autres accessoires de mise à la terre.  </p><p data-start="244" data-end="323">Selon la destination, un adaptateur de prise adapté peut également être nécessaire.</p><p data-start="408" data-end="518"> </p>								</div>
				<div class="elementor-element elementor-element-8f43120 elementor-widget-divider--view-line elementor-widget elementor-widget-divider" data-id="8f43120" data-element_type="widget" data-e-type="widget" data-widget_type="divider.default">
							<div class="elementor-divider">
			<span class="elementor-divider-separator">
						</span>
		</div>
						</div>
					</div>
				</div>
				</div>

<p>Prise européenne à double connexion pour les produits avec mise à la terre. Idéale pour les vacances et une utilisation à l&rsquo;étranger. Selon les pays, un adaptateur de voyage supplémentaire peut être nécessaire.  </p>

Fiche de mise à la terre européenne à double connexion

Prise Euro à double connexion pour les appareils avec mise à la terre. Idéale pour les voyages et l'utilisation à l'étranger.
